?
5
Suppose 8*v = 361*v - 23*v - 13138950. What is the thousands digit of v?
9
What is the ten thousands digit of (2/(-3))/((603/(-178497))/67)?
1
Let r(x) = -2*x + 34. Let v be r(17). Let q be -2*-2*(v + 1). Suppose 5*f + a = q*a + 77, f = -3*a + 1. What is the tens digit of f?
1
Let b be -1 - (7 - -22)*(-124)/2. Let n = b + -1196. What is the units digit of n?
1
Suppose -27*p - 1120 = -19*p. Let d = 70 + -165. Let j = d - p. What is the units digit of j?
5
Let k = 10653 + -3229. What is the units digit of k?
4
What is the tens digit of (6 - (-123075)/(-30))/(6/(-8))?
6
Let c(f) = 5*f - 9. Let u be c(7). Let g be (u/(-39))/(2/(-3)). What is the units digit of 2/1 + 60*g?
2
Suppose -30 = -28*u + 23*u. Let s = 10 - u. What is the tens digit of 1/(12/(-8))*(-330)/s?
5
Suppose -5*x - 2*l + 3478 + 19719 = 0, 9244 = 2*x - 5*l. What is the units digit of x?
7
Let u = 247 - -215. What is the units digit of (18/(-21))/((-6)/u)?
6
Suppose 0 = -2*y - w + 6332, 33*w + 9487 = 3*y + 29*w. What is the thousands digit of y?
3
Suppose 48596 - 4650 = 4*j + n, 0 = 5*j + n - 54931. What is the units digit of j?
5
Suppose 5*m - 132*j = -130*j + 63418, 4*m = -3*j + 50716. What is the units digit of m?
2
Suppose 2*s = 26281 - 1345. What is the hundreds digit of s?
4
Let r = 1585 + 5775. What is the units digit of r?
0
Suppose 18*b = 26*b - 142136. Suppose 0 = -35*m + b + 19858. What is the thousands digit of m?
1
What is the thousands digit of (-56)/(-35)*24630*(1 - (-6)/(-8))?
9
Let p(x) = x**2 + 5*x - 59. Suppose -11*o = -8*o - 45. What is the hundreds digit of p(o)?
2
Let a = 1265 - 1888. Let z = -322 - a. What is the tens digit of z?
0
Let c = -20 - -22. Suppose -6*s - c*s + 640 = 0. What is the tens digit of s - ((-2 - -2) + -4)?
8
Let w = 150817 + -83015. What is the units digit of w?
2
Suppose -2344 = -5*u - 2*l, 2*u = 3*u - 4*l - 482. Let q = 1143 - u. What is the tens digit of q?
7
Suppose 4*m - 172 = 4*b + 2*m, -5*b = m + 222. Let a = b - -60. Suppose 0 = 7*o - 8*o + a. What is the tens digit of o?
1
Let p = 32988 - 14378. What is the ten thousands digit of p?
1
Suppose 0 = 8*h - 38*h - 9570. Let y = h - -390. What is the units digit of y?
1
Let g = 2084 - 1325. What is the tens digit of g?
5
Let d = 575 - -9018. What is the tens digit of d?
9
Suppose -23*b - 36*b = 6785. Let r be -3 + -118 - (0 + -1). Let c = b - r. What is the units digit of c?
5
Suppose -7130 = -8*d + 3*d + 5*t, -2*d + 5*t = -2852. Let l = -910 + d. What is the tens digit of l?
1
Let m be (4644/81)/(4/90*3). Let k = 432 - m. What is the units digit of k?
2
Let g(o) = 2*o**3 - 15*o**2 - o + 17. Let x be g(8). Suppose 78*d - x*d = 3120. What is the tens digit of d?
2
Let w(x) = x**3 - 65*x**2 - 125*x + 156. What is the hundreds digit of w(71)?
5
What is the ten thousands digit of 10127 - -315 - (0 - 0)?
1
Let v(h) = h**3 - 25*h**2 + 49*h - 56. Let u be (0 + 28)*(-18)/(-21). What is the hundreds digit of v(u)?
5
Suppose 4*n = 4*q + 51844, 3*q + 351 - 372 = 0. What is the tens digit of n?
6
Let n(a) = 8*a**2 - 15*a - 14. Let j = 107 - 101. Let x be n(j). Suppose 0 = 5*k - 2*l - 1147 - x, 5*l + 1340 = 5*k. What is the units digit of k?
5
Let d = 3831 - 3522. What is the tens digit of d?
0
Suppose -h + 430 = -5*o, 0*o + 3*o - 3*h + 246 = 0. What is the units digit of (-1 + (-550)/4)/(o/522)?
1
Let d(u) = -30*u - 21. Let m be (-38 + 15)*(-3)/(-1). Let f = 62 + m. What is the hundreds digit of d(f)?
1
Let f be (1/(2/2))/((-95)/(-42845)). Let r = -91 + f. What is the tens digit of r?
6
Let f = -205 + 667. Suppose -168 = 3*k + f. Let q = k - -294. What is the tens digit of q?
8
Suppose 3*m = -5*y + 204, -5*y + m + 102 + 110 = 0. Let h be 4/14 - (-492)/y. What is the tens digit of h/(-42) - 634/(-14)?
4
Suppose -c - 3*k = -41, 37*k = -4*c + 41*k + 132. Suppose c*f - 34669 - 9466 = 0. What is the thousands digit of f?
1
Let z = -170 - -173. Suppose -3*v + 5*c = -1267, -z*v + 7*v - c = 1661. What is the units digit of v?
4
Let t(a) be the second derivative of -29*a**6/360 + 2*a**5/15 + 2*a**4 + 4*a. Let c(n) be the third derivative of t(n). What is the units digit of c(-2)?
2
Suppose -2*r + 1 = -3. Suppose -i - 91 = -r*t, 3*t = 4*t + i - 50. Suppose 4*z = j - z - 18, 4*j + 5*z = t. What is the tens digit of j?
1
Suppose -410 = 5*h - 3*s, h = 2*h - s + 82. Let w = h - -69. Let k(p) = -p**3 - 14*p**2 - 22*p - 22. What is the units digit of k(w)?
5
Let i be 2/(8/3) + (-698)/(-8). Suppose -6*r + r = 345. Let k = i + r. What is the units digit of k?
9
Let r = 7 + 32. Suppose 0 = 8*a - 7*a + 4*w - 103, -5*w - 465 = -5*a. Let h = a - r. What is the units digit of h?
6
Let m(v) = 52*v**2 - 11*v - 29. Let b be m(-3). Let n = b - 224. What is the hundreds digit of n?
2
Suppose 37*k - 30528 = -35*k. What is the units digit of k?
4
Let o(n) = 255*n + 1. Let t(l) = -85*l. Let y(q) = -4*o(q) - 11*t(q). Suppose -3*x + 2*x - 1 = 0. What is the units digit of y(x)?
1
Let g(m) = m**2 - 5*m - 31. Let s be g(-4). Let q = 128 + s. What is the tens digit of q?
3
Let d(m) = 526*m**2 + 61*m - 568. What is the units digit of d(7)?
3
Suppose -45075 - 66681 = -81*u + 324834. What is the units digit of u?
0
Let t(q) = q**2 - 2*q. Let l be t(4). Suppose -25*m = -28*m + 243. Let u = m - l. What is the tens digit of u?
7
Let g be (0 - -2 - 4) + (-212 - -11). Let m = -64 - g. Suppose -m = -5*d - 14. What is the units digit of d?
5
Let g(z) = z**3 - 4*z**2 + 31. Let k be g(8). Suppose k = 7*b - 3654. What is the tens digit of b?
6
Let o be 353927/(-56) - 1/(-8). What is the units digit of (o/(-30))/((-2)/(-3))?
6
Let o(z) = z + 146. Let x(v) = v - 63 + 2*v - 9*v - 3*v. Let h be x(-7). What is the hundreds digit of o(h)?
1
What is the hundreds digit of 75/(-5) + 13 + 672*21?
1
Suppose 5*v + 13*n - 11*n - 5523 = 0, -v - 5*n = -1123. What is the hundreds digit of v?
1
Let t(o) = -o**2 + 12*o + 857 - 857. Let d(c) = c**2 + 11. Let u be d(0). What is the tens digit of t(u)?
1
Suppose 6*x - 3*x = 0, 2398 = -2*h - 2*x. Let q = 2226 + h. What is the hundreds digit of q?
0
Suppose 4*l - 8*r = -5*r + 17, -5*r + 5 = 0. Suppose -5*x + 0 + 10 = 0. What is the tens digit of (x + (-12)/l)/((-2)/130)?
2
Suppose -4*v + 0 = -0. Suppose -12*p + v*p + 1716 = 0. Let o = p + -13. What is the hundreds digit of o?
1
Let f = 7151 - 3190. What is the units digit of f?
1
Let v(m) = -645*m + 779. What is the tens digit of v(-16)?
9
Let g(a) = -a**3 - 5*a**2 + 4*a - 14. Let t be g(-6). What is the units digit of t/4 - (4 - 1385/10)?
4
Let l(t) = -23924*t - 368. What is the tens digit of l(-1)?
5
Let w = 46 + -36. Suppose -4*d = a - d - 11, -4*a + w = -5*d. Suppose 3 = 4*y + 7, -5*y + 340 = a*t. What is the units digit of t?
9
What is the units digit of 855*(-180)/(9 - 29)?
5
What is the thousands digit of 19325/11 - (-66)/363?
1
Suppose 5*u - 2*p + 0*p - 1353 = 0, u - 3*p - 281 = 0. Let x = 406 - u. What is the tens digit of x?
3
Suppose -x + h + 111 = 0, x - h = 4*x - 337. What is the hundreds digit of x?
1
Let s be (-1 - (-1796)/5) + (-1086)/905. Let h be 0 + (-1 - -2) + 1161. Suppose -5*o + h = s. What is the units digit of o?
1
Let s(a) = 690*a**2 - 7*a - 4. Let q be s(-3). Suppose 0 = 7*k - 20*k + q. What is the tens digit of k?
7
Suppose v - 396 = -8*v. Suppose 15*g + 14 = v. Suppose 0 = 3*s + 2*u - 871, s + 5*u - 297 = g. What is the units digit of s?
9
Let z(w) = w + 5. Let l be z(-4). Suppose 5*c - 26 + l = 0. Suppose y + c*m - 21 = 0, -2*y + m + 42 = 5*m. What is the tens digit of y?
2
Let l = -80 - -86. Let n be 2 - l/(-12)*0. Suppose -2*f - 3*m - n*m + 344 = 0, m - 178 = -f. What is the tens digit of f?
8
Suppose -5*d - 43 = -2*y, 2*d = -2*y + 7*y - 118. Let r = 98 + -76. Suppose 202 = -r*f + y*f. What is the hundreds digit of f?
1
Let u(p) = 2*p**3 - 17*p**2 - 8*p - 5. Let y = 138 + -129. What is the units digit of u(y)?
4
Let h(d) = -10*d**2 - 8 + 11*d - 20*d - 13*d - 3*d**3. Let f(i) = 15*i**3 + 50*i**2 + 111*i + 39. Let o(v) = 2*f(v) + 11*h(v). What is the tens digit of o(-5)?
1
Let r = 108 + -104. Suppose 5*y - 118 - 85 = r*n, 4*n - 148 = -4*y. What is the units digit of y?
9
Let w be (60/(-50))/6 + (-18191)/(-5). Suppose 4*a = -5*r + 4537, 3*r = -r + a + w. What is the tens digit of r?
0
Suppose 4*y = -3*z + 9, -8*z - y - 2 = -3*z. Let 